et x = -54 - -56. Suppose -3*w = x*w - 54265. Suppose 5*y = d + w, 0 = 3*y + d + d - 6517. Is y composite?
True
Suppose -2*n + 3*n = 3*c + 50, 4*c - 4 = 0. Suppose -n + 35 = -3*q. Suppose 3*b - q = b. Is b composite?
False
Let p be 186*((-45)/54 + 1). Suppose -p*n + 334597 = -155668. Is n composite?
True
Let g(d) = 23*d**2 - 9*d + 16. Let o be g(18). Suppose -o = -3*n + i, -47*i + 46*i + 7316 = 3*n. Is n a composite number?
False
Let m = 26995 - -740184. Is m a composite number?
True
Let f(r) = 14*r**2 - 22*r - 1339. Is f(-60) a prime number?
False
Let k = 67 - 83. Let i be k/(-40) + (-39)/(-15). Suppose -f - i*f = -1052. Is f a prime number?
True
Suppose -3*z + 23460 = -3*k, 31277 = 4*z + 11*k - 14*k. Is z a composite number?
False
Let u(a) = -a**2 + 18*a - 52. Let y be u(14). Suppose q + 2*i - 4672 = -q, 11677 = 5*q + y*i. Is q prime?
True
Suppose 25 = p + b - 0*b, 4*p - 3*b - 114 = 0. Let r(t) = 19 - 18 - 99*t + 18 - p*t. Is r(-7) prime?
False
Let c = 295105 - 186492. Suppose o - 18455 = x, -16342 = 5*o - 4*x - c. Is o composite?
False
Suppose 5*t - 3*p = 8*t - 671352, -2*t + 447580 = 6*p. Is t a composite number?
False
Suppose c = -2*f + 18955, 12751 = c + f - 6206. Is c composite?
False
Is (7 - 16/(-24))*50073 prime?
False
Let y(w) = 742*w**3 - 6*w - 15. Is y(4) composite?
True
Let a(p) = -2*p + 23. Let i be a(10). Is (-6)/3*i/(12/(-4906)) prime?
False
Suppose 0 = 5*i + 85*z - 89*z - 323319, -2*i + 5*z + 129314 = 0. Is i prime?
True
Suppose 0 = -27*m + 29*m + 432. Let j = m + 42. Let u = 283 + j. Is u a composite number?
False
Let r = -65921 + 103844. Is r a composite number?
True
Let l(a) = 3*a + 36. Let q be l(-11). Let u be 2/(1 + q)*(2 + -4). Is (u + 4)/(2/58) composite?
True
Suppose 0 = 10*t - 6*t + g - 38672, g - 19338 = -2*t. Is t a composite number?
True
Suppose 2*f = -3*y + 115 - 9, 5*f - 284 = 2*y. Let k(r) = -17*r**3 + 3*r**2 + 11*r - 11. Let h be k(1). Is 135440/f - 6/h a composite number?
True
Let a(x) = 756*x**2 + x + 10. Let y be a(3). Suppose -4*o - 5*c + 5459 = 0, 5*c = -5*o + c + y. Is o a prime number?
True
Suppose 15*i + 1394 = 6284. Is i a composite number?
True
Let b be 1/(-5) + 7/(105/(-658527)). Let c = b - -69013. Is c composite?
False
Suppose 4*h + 5*v = 276093 - 67544, -4*v - 260635 = -5*h. Is h composite?
True
Let h = -20603 + 48142. Is h prime?
True
Let s be 0/((-15)/20 + 50/(-40)). Suppose 2*a - 7610 - 1024 = s. Is a a composite number?
True
Let n = -18583 - -101416. Is n a prime number?
False
Let c = 5292 + -3632. Let p = -43 + c. Let h = -932 + p. Is h prime?
False
Let b = -1202 - -2356. Let c = b + -403. Is c composite?
False
Let t(z) = -6*z - 8. Let w be t(-2). Suppose -6*o + 7*o - 9 = -w*c, -4*o = 2*c + 6. Is 6248/12 + ((-5)/c)/(-5) a prime number?
True
Let r(i) = 79*i**2 - 3*i - 7. Let d be r(6). Let k = 15004 - d. Is k composite?
True
Suppose -5*i - 2*m = -525774 - 163761, 3*m + 15 = 0. Is i prime?
True
Let z = 462747 + -219446. Is z a prime number?
True
Suppose 0 = -3*v + 12, 1355 = -n + 4*v + 27820. Suppose -n = -6*i + 1209. Let r = -1316 + i. Is r a prime number?
True
Let p(d) = -2133*d**3 + 5*d**2 - 12*d - 31. Is p(-2) prime?
True
Let q(w) = -4*w - 10. Let h be q(-3). Suppose -h*g = -5*g. Suppose -2*u - u + 471 = g. Is u composite?
False
Let b be (-5)/(160/(-24)) - 10/(-8). Is (2 - (-1435)/(-14))/((-1)/b) a prime number?
False
Suppose 0 = -13*p - 32 + 6. Let g be p*(-3)/(-2)*(-6 + -1943). Suppose -49*k + 52*k = g. Is k a composite number?
False
Let q(z) be the first derivative of -21 - 5/2*z**2 + 98/3*z**3 - 6*z. Is q(-7) prime?
True
Suppose o = 2*q + 2, -q + 4*o + 0 - 1 = 0. Let t(j) = -j**3 + j**2 - 2. Let i be t(q). Suppose -5*s - 3768 + 11263 = i. Is s composite?
False
Is ((-20)/12 - (-1 + 0))*(-140929212)/232 composite?
False
Let y = -15 - -28. Let o(s) = -14*s**2 - 64*s - 305. Let b be o(-17). Is ((b/4)/y)/(1/(-4)) composite?
False
Let j be (2 + 1156)*(2 - 1). Suppose j = -x + 169. Let i = -696 - x. Is i a prime number?
True
Let f be (2/3)/(8 - 92/12). Is -4 + f + 0 + 3645 a composite number?
False
Let r = 584 + -5375. Is 4/(19158/r + 4) a prime number?
False
Is 144921/4 + ((-435)/(-12))/(-29) composite?
False
Suppose -2*d - 129 = -3*o - 0*d, -4*o = 4*d - 172. Is 86*19 + 215/o composite?
True
Let w = 91 - 95. Let r = 10 - 3. Is w + 10*r + -1 a composite number?
True
Let o(z) = 121*z**2 + 122*z + 293. Is o(-40) a composite number?
True
Let x(f) = 6*f + 40. Let j be x(-7). Is (-38062)/3*(2 + 7/j) a prime number?
True
Suppose 4*y - 3092 = -5*d, -5*y + 3*d = -4340 + 475. Let m(i) = -215*i - 641. Let o be m(-3). Suppose 3941 = 5*p + h, -o*h + y = 4*p - 3*p. Is p prime?
False
Let r = -11 + 25. Let q(v) = -v + 16. Let m be q(r). Is (m - (1 - 0))*201 a prime number?
False
Let u = 50893 + -11571. Is u composite?
True
Let j = 508 - 222. Let g(v) = 72*v + j*v - 28 + 193*v. Is g(7) a composite number?
True
Suppose -3 = -27*w + 105. Suppose 2281 = 2*s - 3*r - 1602, -4*s + 7760 = -w*r. Is s a composite number?
True
Suppose -27*c - 1357790 + 3547370 = -15*c. Is c prime?
False
Let s = 186 - 182. Is (s/(-6) - -1)*1977 a composite number?
False
Let q(z) = -1874*z - 66. Let j be q(-14). Suppose -47*k = -52*k + j. Is k a composite number?
True
Suppose 3*v + 48 = c + 465, v = 2*c + 144. Is (v/(-18))/(4/(-348)) composite?
True
Let n = -1036 - -2201. Suppose 489 = 2*j - 3*v, 5*j + 4*v - n = -0*v. Is j composite?
True
Is 612/(-1377) - (-6812090)/18 a prime number?
True
Suppose 32 = 5*y - 48. Suppose 2*p - p = 2*i - 16272, -4*p = -y. Let a = 12709 - i. Is a composite?
True
Let w = 370190 + -240084. Is w a composite number?
True
Let d = -133286 + 238473. Is d a composite number?
True
Suppose -26*t - 5051576 = -11*t - 23*t. Is t composite?
True
Let k = 76 + -71. Let g be k/(50/(-5))*4352. Let v = -1053 - g. Is v composite?
False
Let n(r) = 21*r - 55. Let x be n(-16). Let d = 2340 + x. Is d a composite number?
False
Suppose 103*v = 92*v + 503107. Is v prime?
True
Suppose -5*x - 10 = -2*s + 10, -2 = x. Suppose s*z - 10 = -4*l, 0 = 2*l - 6*l + z - 2. Suppose l = 12*m - 13*m + 703. Is m a composite number?
True
Let w be ((-1)/2 - -1) + (-319)/(-22). Suppose -w*z = -2*z - 913692. Suppose -z = -3*a - 9*a. Is a composite?
False
Let m = 132 - 75. Let o = m + -60. Is o + 1 - 0 - (2 - 1343) a prime number?
False
Let t(n) = -n**3 + n**2 - 9*n + 104. Is t(-25) a prime number?
False
Let h be 4 + 1 - 3888404/26. Is h/(-85) + (-2)/5 a prime number?
True
Let p(o) = -3 + 12 + 38*o - 2. Let h be p(11). Let n = 1830 - h. Is n prime?
False
Suppose 2*h = 6, -9*h + 8*h = -5*w + 62692. Is w prime?
True
Let y be (36/(-45))/(2/(-70)). Suppose -y*h + 24*h = -15868. Is h prime?
True
Is 42/105 - 19999624/(-40) a prime number?
False
Let s = 45 + -43. Suppose -s + 2 = -10*y. Is (y - 662/(-4))/((-1)/(-2)) a composite number?
False
Suppose 6 = 3*m - m. Suppose m*r = 10 - 1. Is r + (-3 - 3) - -502 a composite number?
False
Let y = 32432 - 21061. Is y prime?
False
Suppose 86*l + 213*l - 143069377 = -152*l. Is l composite?
False
Let w = -22717 - -243822. Is w composite?
True
Suppose -p = -4*y - 8799, 3*p - 4*y - 26327 = -6*y. Is p a prime number?
True
Let b be (-100)/(-32) + (-4)/32 - 6. Let w(n) = -326*n**3 + n**2 + 7*n + 1. Is w(b) composite?
True
Is (384242/(-10))/(81/(-405)) a composite number?
False
Suppose 0 = -9*l + 4*l - x - 499, -3*l = -2*x + 302. Let t = l - -103. Suppose 5*v + 4*z - 6927 = -357, -t*v - 5*z + 3929 = 0. Is v a prime number?
False
Let o be 111/12 - 6/24. Suppose 6*d = o + 21. Is d*(-2)/(6/(-579)) a composite number?
True
Let p(y) = 36*y**2 + 62*y - 79. Is p(25) composite?
False
Suppose 5*a = m - 2*m + 5, 5*m = 4*a - 33. Let x = m - -8. Suppose x*f - 2804 = -f. Is f prime?
True
Let q(a) = -a - 1. Suppose -n + 7 = -0*n - 4*d, 2*n + d + 4 = 0. Let u(r) = -428*r + 7. Let p(g) = n*u(g) + 6*q(g). Is p(12) composite?
False
Let a = -1570921 - -2261598. Is a prime?
False
Suppose -4*l = -6*l + 2800. Suppose 301 + 520 = -v - 2*t, 2*v = 3*t - 1628. Let z = l + v. Is z prime?
False
Let p be (14/3)/(28/(-14616)). Let g = -1057 - p. Is g a composite number?
True
Is (248/992)/((-2525)/(-2524) + -1) composite?
False
Let x(k) = -k**2 + 3*k - 13. Suppose 3*b = 2*b. Let f be x(b). Is (-15535)/f - (0 + 0) a composite number?
True
Let x(r) = 61*